- 4*o. Suppose 5*n - j = -4*j + 16, 4*n = -j + 10. List the prime factors of x(n).
2, 157
Let t = 215 - 194. What are the prime factors of (3 + 0)*(-6 + 203/t)?
11
Let o(j) = 2893*j**3 - 3*j**2 - 11*j - 2. Let c be o(-3). List the prime factors of c/(-111) + -2*2/(-12).
2, 11
Suppose 0 = -3*p + m + 10878, -980*p + 5*m = -984*p + 14466. List the prime factors of p.
2, 3, 151
Suppose -2*n - 236*j = -239*j - 10122, -4*n + 20232 = -3*j. List the prime factors of n.
3, 5, 337
Suppose 0 = -3*f + n + 28, -f + 9*n - 4*n = -14. Suppose f*c = 269 + 1486. What are the prime factors of c?
3, 5, 13
Let x be (-262)/((-6)/(-48)*-4). Suppose -4*t - 5*p + x = -p, 5*p = 5*t - 655. What are the prime factors of t?
131
List the prime factors of (-14)/49 - (-174060)/42.
2, 7, 37
Suppose -4 = -7*y + 6*y. Suppose -y*x = -15 + 3. Suppose -5*p = -b + 144, 0*b + x*p - 580 = -5*b. What are the prime factors of b?
7, 17
Let u(n) = -5*n**2 + 41*n - 79. Let k(a) = -a**2 - a. Let c(i) = -4*k(i) + u(i). What are the prime factors of c(33)?
317
Suppose -12*n + 14830 = 17665 - 116283. List the prime factors of n.
2, 29, 163
Let d = 54 - 40. Suppose d = t + 16. What are the prime factors of t/4 + (-85)/(-10)?
2
What are the prime factors of ((-511)/(-3))/(-10 - 6/(3186/(-5313)))?
7, 59, 73
Let z be (34448/(-32))/((-2 - -3)/(-2)). Suppose -z = -2*g - 5*o, -3*o = 2 - 11. What are the prime factors of g?
1069
Let r(y) = -431*y - 247. Let g be r(-25). Suppose o - g = -13*o. What are the prime factors of o?
2, 47
Suppose -304015 = 96*q - 126*q + 33965. List the prime factors of q.
2, 43, 131
Let u = 816 + -811. Suppose -3*t + 2*p = -402 - 420, 274 = t - u*p. List the prime factors of t.
2, 137
Let o(p) = p**2 + 3*p - 4. Let q be o(8). Suppose q = 5*i + 34. What are the prime factors of ((-5)/i)/((-3)/606)?
101
What are the prime factors of (-6 + (8 - 8 - -43408))*(-1)/(-2)?
21701
Suppose 5*i = -2*g + 13, 6*i = 4*i - 3*g + 14. What are the prime factors of (-25557)/(-42) + (-1 - i)/(-4)?
3, 7, 29
Let x = -1208 - -1212. Let o = 6 - 3. Suppose o*g - 5*g = 4*a - 46, 2*a + x*g = 14. What are the prime factors of a?
13
Let y be (-54)/(-14) + (7/49)/1. Suppose -k = -9*j + y*j + 625, -4*j + 521 = -5*k. List the prime factors of j.
2, 31
Suppose -345 = 17*k - 39. What are the prime factors of (3 + 546/(-9))*k?
2, 3, 173
What are the prime factors of (-10)/(-95) + (13748/76 - -10)?
191
Suppose 18*z - 374813 - 301914 = -156221. List the prime factors of z.
3, 7, 17
Let s(a) = 3436*a + 289. List the prime factors of s(3).
10597
Suppose -10*l = -6*l - c - 15, -2*l - 5*c - 9 = 0. Suppose -l*o + 5826 = 1197. What are the prime factors of o?
1543
Suppose 24006 + 309365 = 47*v. What are the prime factors of v?
41, 173
Let p be (-3 - -4)/(-2)*(-4 + 0). Suppose 5*i - 40 = -4*n, 0*n + 2*n - 16 = -p*i. List the prime factors of i/(-16) + (-390)/(-4).
97
Suppose 520*b - 515*b - 17325 = 0. List the prime factors of b.
3, 5, 7, 11
Let s(q) = -q**3 + 11*q**2 + 12*q + 69. Let l be s(12). Suppose 75 + l = 9*y. What are the prime factors of y?
2
Let o = 8102 - 3467. List the prime factors of o.
3, 5, 103
Let y = 1327 + -1205. List the prime factors of y.
2, 61
Let z(k) = -34*k**3 + 2*k**2 + 6*k - 79. List the prime factors of z(-6).
7, 149
Suppose 30*f = -634 + 124. Let o(l) = l**2 - l - 50. List the prime factors of o(f).
2
Suppose -2*b = -j - 14438, -3*b + 9*j = 7*j - 21655. List the prime factors of b.
3, 29, 83
Suppose -510 = -3*m + 4*m. List the prime factors of (m + -10 - 1)*(-3 + 2).
521
Suppose -b - 4*n = -2, -b + n = 3*b - 8. Suppose -c + 13 = 4*h, -b*h - 7 + 3 = 4*c. What are the prime factors of (-16)/12*-48 + -1 - c?
2, 3, 11
Suppose 0 = -3*s - 4*k + 92, k + 73 = 2*s + 6*k. Let q be 2/8 - (-42)/s. Suppose q*l = -d - 0*d + 81, 3*d = -4*l + 165. What are the prime factors of l?
3, 13
Let o(w) = -w + 6. Let f be o(-3). Suppose -f*z - 32 = 31. What are the prime factors of (2534/(-4))/z*-2*-1?
181
Let o(n) = -n**2 - 15*n + 70. Let y be o(-19). List the prime factors of (y/21 - (-4320)/28) + 4.
2, 79
Let s(g) = -239*g**3 - 19*g**2 - 3*g - 38. What are the prime factors of s(-3)?
13, 37
Let t(u) = 23*u**2 - 43*u**2 + 31*u**2 + 2*u - 5. What are the prime factors of t(7)?
2, 137
Let r = -89 - -105. Let n(a) = -9 + 2*a - r*a + 7 + 41 + a**2. List the prime factors of n(11).
2, 3
Suppose 0 = -2*u, u = -4*w - 2*u. Suppose w*z + 3*r = -z + 257, -1321 = -5*z + 3*r. Let v = z - 175. What are the prime factors of v?
2, 11
Suppose -11*h + 28927 = -463026. What are the prime factors of h?
7, 6389
Suppose 0 = -32*i - 38*i + 372680. List the prime factors of i.
2, 11
Suppose 2*l + 5*q - 6285 = 0, q = 201*l - 197*l - 12537. What are the prime factors of l?
3, 5, 11, 19
Suppose 68*p + 500158 = 1248022. What are the prime factors of p?
2, 3, 13, 47
Let s = -662 + 666. Let x be ((-3)/(-4))/(1/(-4)). What are the prime factors of (-22 - x)/(0 - s/36)?
3, 19
Suppose -1255*d + 1210*d + 1430145 = 0. What are the prime factors of d?
61, 521
Suppose 39*t = 35*t + 3*c + 143282, 0 = t + c - 35824. What are the prime factors of t?
2, 17911
Let y(o) = 4*o**3 - 7*o**2 + 3*o + 2. Let j(a) = -a**2 + a. Let r(f) = 5*j(f) - y(f). Let q be r(2). What are the prime factors of 11/q*(2 - 226)?
2, 7
Let n = 131 - 128. What are the prime factors of -243*24/(-18) + (-3)/n?
17, 19
Let w = -257 - -122. Let r = 399 + w. List the prime factors of r.
2, 3, 11
Suppose 1 = -4*f - 3, -18141 = -g + 5*f. List the prime factors of g.
2, 2267
Suppose 30972 = 67*q - 46212. Let y = q - 825. List the prime factors of y.
3, 109
Let b = -5489 - 38371. What are the prime factors of ((-4)/(-8))/(3/b*-5)?
2, 17, 43
Suppose 141034 = 28*z + 2*z + 28744. List the prime factors of z.
19, 197
Let d(m) = 174*m**2 + 39*m + 12. What are the prime factors of d(-4)?
2, 3, 5, 11
Let t(p) = p**3 + 54*p**2 + 142*p - 205. List the prime factors of t(-36).
7, 31, 83
Let l be (82/3)/((-10)/(-15)). Let v(s) = -4*s + 120. Let h be v(34). What are the prime factors of 19 + h + l + 1?
3, 5
Let g(y) = 61*y + 14. Suppose 5*d + 4*h = 33, -3*h + h = -d + 1. Let k be g(d). Suppose -141 = -4*z + k. List the prime factors of z.
5, 23
Suppose -519168 - 578703 = -35*y + 544679. What are the prime factors of y?
2, 5, 13, 19
Let k be 0 + 3/(-9) + (-14)/21. List the prime factors of (2/(-4)*k)/(6/6108).
509
Suppose 16*o + 26256 = 19*o + f, -o + 4*f = -8752. What are the prime factors of o?
2, 547
Let i(f) = -6*f + 70. Let k be i(10). Suppose k*t - 2335 = 11015. What are the prime factors of t?
3, 5, 89
List the prime factors of 185560/24*54/45.
2, 4639
Suppose -199*u - 31*u + 1234737 = -41*u. List the prime factors of u.
47, 139
Let c = -1789 + -84. Let q = 2830 + c. What are the prime factors of q?
3, 11, 29
Let d be ((-12 - -10) + 5/2)*66. Suppose -43*q + 5200 = -d*q. What are the prime factors of q?
2, 5, 13
Suppose 9*j = 11*j + 42. Let o(p) = 20*p - 45. Let m be o(j). List the prime factors of 1/((-3)/m)*(-8)/(-10).
2, 31
Let m = 11715 + -5234. What are the prime factors of m?
6481
Suppose 1608761 = 142*g - 1118917. What are the prime factors of g?
3, 19, 337
Suppose -5*r = 2*i - 29, -3*i - r - 4 = -3*r. Let b be (61/i + -1)*(-11 - -13). Suppose 2*x - 37 = -x - g, g = 5*x - b. What are the prime factors of x?
2, 3
List the prime factors of (14225/50)/((-1)/(-2)).
569
Suppose -1242*n = -1142*n - 3691000. List the prime factors of n.
2, 5, 3691
Let m = 1048 + -594. Suppose 4*q - 8 = 0, 4*b - m = 3*b - q. What are the prime factors of b?
2, 113
Let u(y) = -114*y + 13835. List the prime factors of u(-39).
101, 181
Suppose -3*r - r + 13088 = 0. Suppose 80 = -8*z + r. What are the prime factors of z?
3, 7, 19
Suppose -4*g = -5*r - 6, -8*g - 4*r + 28 = -3*g. Suppose -g*z = -779 - 157. List the prime factors of z.
2, 3, 13
Let r(q) = -q**2 + 15*q - 53. Let d be r(9). Let j(o) = 407*o**3 + 3*o**2 - 2*o. Let x be j(d). Suppose -x = -s - 145. List the prime factors of s.
263
Let a be (-457)/(-5) + (-70)/175 - 1. Let i = a + 82. List the prime factors of i.
2, 43
What are the prime factors of ((-4)/(-12))/(26/39 + (-36267)/54402)?
2, 9067
What are the prime factors of (2396/5)/((-8)/(-1680)*7)?
2, 3, 599
Let m = 225 + -126. Let r be 18/m + (-592)/(-11). Let c = r - -26. List the prime factors of